der when u is divided by 15?
13
Let f = 574 + -553. Calculate the remainder when 40 is divided by f.
19
Let b(v) be the third derivative of -v**4/2 - 11*v**3/6 - v**2. Calculate the remainder when 146 is divided by b(-4).
35
Suppose 3*v - 2*v = 0. Suppose v = o - z + 6*z + 35, o - z + 35 = 0. What is the remainder when 0 - (o*1 - 2) is divided by 10?
7
Let a = -772 - -787. What is the remainder when 94 is divided by a?
4
Let p(s) = 14*s + 259. Let d(x) = -8*x + 9. Calculate the remainder when d(-10) is divided by p(-18).
5
Suppose -16*q + 13*q = 0. Suppose q = 2*b - 51 - 65. Calculate the remainder when b is divided by 20.
18
Let q(v) be the third derivative of v**5/30 - 7*v**4/24 + 4*v**3/3 + 9*v**2. Calculate the remainder when 91 is divided by q(5).
22
Let o = -43 + 56. What is the remainder when 557 is divided by o?
11
Let j(u) = 3*u - 5. Let i(x) be the first derivative of 2*x**3/3 + x**2 + 12*x + 2. Calculate the remainder when i(-6) is divided by j(10).
22
Let n(k) = k**3 + 21*k**2 - 25*k - 51. What is the remainder when 86 is divided by n(-22)?
11
Let m(g) = 50*g + 1. Calculate the remainder when 87 is divided by m(1).
36
Suppose 138 = 34*l - 304. Calculate the remainder when 387 is divided by l.
10
Suppose 0 = 6*s + 270 + 42. Let x = s + 82. What is the remainder when 57 is divided by x?
27
Let k(f) = -f**2 - 14*f - 13. Let h be k(-15). Let g = 46 + h. Suppose -3*y + 33 + 194 = 5*m, y - 5*m - 49 = 0. What is the remainder when y is divided by g?
15
Let s(c) = 2*c**2 - c + 3. Let i = -204 + 231. What is the remainder when s(-4) is divided by i?
12
Calculate the remainder when (-599)/((-171)/270 + 4/30) is divided by 48.
46
Let s(r) = -r**3 - 6*r**2 - 7*r - 1. What is the remainder when (-4 - (-858)/15) + 1/(-5) is divided by s(-5)?
8
Suppose -42*r + 41*r = -4*q + 155, 0 = 4*r - 20. What is the remainder when q is divided by 2?
0
Suppose 4*j + y = -0*y + 39, j - 4*y = 31. Let q be (10/6)/((-1)/(-3)). Suppose 59 = 2*n - q. Calculate the remainder when n is divided by j.
10
Suppose 122*y - 3718 = 96*y. Calculate the remainder when y is divided by 39.
26
Suppose -v + 2*r = -40, r + 71 = -3*v + 5*v. Suppose v*i + 49 = 35*i. What is the remainder when 95 is divided by i?
46
Let v(h) = -h**2 + 15*h + 21. Let q be v(16). Suppose 0*g = q*g - 20. Calculate the remainder when 6 is divided by g.
2
Let x(u) = 6*u**2 - 7*u + 4. Let p(t) = 5*t**2 - 7*t + 4. Let j(a) = 4*p(a) - 3*x(a). Calculate the remainder when j(7) is divided by 27.
26
Let l = -28 - -34. Suppose -46 = -l*q + 212. Calculate the remainder when 169 is divided by q.
40
Let p be 1/5 - (-1032)/40. Suppose 5*r = 2*y + 3*r - p, y - 5 = -3*r. Suppose 34 = 2*t + 5*x - 21, x + 57 = 3*t. What is the remainder when t is divided by y?
9
Let u(i) = -15*i + 5. Let v be u(-3). Let p = v + -18. Calculate the remainder when 126 is divided by p.
30
Suppose 5*o = 9*o - 376. Let l(h) = -h + 32. Calculate the remainder when o is divided by l(8).
22
Let s = 39 - 18. Let x(u) = 4*u + 9*u**2 - 17 + 10 - 3*u**2 + 0*u**3 - u**3. Calculate the remainder when x(5) is divided by s.
17
Let j(p) = -3*p + 5. Let q(d) = d**3 + 38*d**2 + 77*d + 228. Calculate the remainder when q(-36) is divided by j(-4).
14
Suppose 0 = 3*j - 5*h - 300, 400 = -8*j + 12*j + 3*h. What is the remainder when 399 is divided by j?
99
Let r = 20 + -18. Suppose 4*y + 17 = 5*i, 0*y + r*y + 2*i - 14 = 0. What is the remainder when 22 + (-1)/y*-4 is divided by 9?
6
Suppose 2*a - 29 = -z - 7, -3*a + 5*z + 20 = 0. Calculate the remainder when (-10 + 4)*(-3 + 9/(-6)) is divided by a.
7
Let c(u) = 163*u + 1157. What is the remainder when 717 is divided by c(-7)?
13
Let k(j) = -9*j + 7. Let v = 219 + -192. Calculate the remainder when k(-10) is divided by v.
16
Suppose 20*x = 18*x + 236. Calculate the remainder when x is divided by 33.
19
Let n(q) = q**3 + 3*q**2 - 4*q + 4. Suppose 0 = 4*i, -3*r - 8 = 4*i - 17. Calculate the remainder when n(-4) is divided by r.
1
Suppose 4*d = k - 71, 8*k - 3*k - 286 = -3*d. Suppose 3*t - 69 - 2 = 4*z, -48 = -4*t - 4*z. What is the remainder when k is divided by t?
8
Let t = -9 + 31. Let u(b) = 7*b + 49. Let d be u(-9). Let i = d - -78. Calculate the remainder when i is divided by t.
20
Let m(r) be the first derivative of 4*r**2 - 6*r + 17. What is the remainder when m(8) is divided by 15?
13
Let n = 13 - 21. Let o = 11 - n. Calculate the remainder when 72 is divided by o.
15
Let l = 75 + -35. Suppose -4*y + 2*w = -40, 2*y - 3*w - 5 = 11. Calculate the remainder when l is divided by y.
7
Suppose -2*f + 0*f + a = -285, -4*f - 5*a + 535 = 0. Suppose 4*g = f - 16. Calculate the remainder when 89 is divided by g.
27
Suppose 0*o + 5*o = -75. Let q be 14/(-6) - 5/o. Calculate the remainder when 38 is divided by 162/8 + q/8.
18
Suppose 0 = 3*b + 5*q - 18, -2*b = -3*b + 3*q + 6. Suppose b*c - 9 = 105. What is the remainder when 67 is divided by c?
10
Suppose 8*u = 6*u + 104. What is the remainder when 155 is divided by u?
51
What is the remainder when 62 is divided by (30 + 0)/6 + (0 - -9)?
6
Suppose -6*w + 480 = 10*w. What is the remainder when 628 is divided by w?
28
Let t be 6/(-4)*(0 + 6). Suppose 2*q - 6*s - 102 = -3*s, 20 = -5*s. Calculate the remainder when 13 is divided by 215/q - 2/t.
3
Suppose -40 = -3*v - 28. Calculate the remainder when 50 is divided by v.
2
Suppose -274 = -4*d + 74. Suppose 4*u = d + 5. Let q = u + -10. What is the remainder when 51 is divided by q?
12
Let g(v) = 2*v**2 - 19*v + 54. What is the remainder when 694 is divided by g(11)?
85
Let t be ((-27)/(-6))/(18/24). Suppose -t = -0*d + d. Let x = 11 + d. What is the remainder when 9 is divided by x?
4
Suppose b + 4*m + 2 = 3, b + 1 = -5*m. Suppose -3*k - y = -399, -44 = -k - 2*y + 84. Let w = k - 131. Calculate the remainder when b is divided by w.
0
Let r(v) = -2*v**2 + 16*v - 3. Let o be r(5). Suppose -3*f + 0*m + 5*m + 67 = 0, 3*f + 3*m - o = 0. Calculate the remainder when 37 is divided by f.
9
Let v(g) = g**2 - 13*g - 7. Let c = 157 - 111. Calculate the remainder when c is divided by v(14).
4
Let a(i) = i + 2. Let z be a(-18). Let g = 19 + z. Suppose -4*s = -4*j - 76, g*j - 3 = -4*s + 3*s. Calculate the remainder when s is divided by 8.
7
Let n(g) = -g**2 + g + 3. Let k be n(0). Suppose -132 = -9*l + k*l. What is the remainder when 41 is divided by l?
19
Let i(r) = 14*r**2 + 1. Let c be i(-1). Let m = c - 7. Calculate the remainder when 15 is divided by m.
7
Let o be 3 + -2 + 0 + 3. Suppose 5*k = 3*u - 230, -3*u - 154 = -5*u + o*k. Calculate the remainder when u is divided by 11.
9
Let p be (-24)/7 + -2 - 42/(-98). Suppose 124 = 2*c + 26. Let w = c - p. What is the remainder when w is divided by 28?
26
Let o = -71 + 105. Suppose -36*f + 24 = -o*f. What is the remainder when f is divided by 3?
0
Suppose -j + 5*a = -7, 0 = -3*j + 11*a - 7*a + 43. Calculate the remainder when 123 is divided by j.
4
Suppose -3*q = 8*q - 22. What is the remainder when (q/4)/((-4)/(-136)) is divided by 5?
2
Let w be (4 - 2)/(2/21). Let a = w - 15. What is the remainder when 15 is divided by a?
3
Let y(d) = 3*d**2 + 8*d + 4. Calculate the remainder when 138 is divided by y(-4).
18
Let y = 682 + -651. Calculate the remainder when y is divided by 3.
1
Let p(o) = 4*o**3 - 17*o**2 + 5*o - 1. Suppose -2*x - d = 3*x - 21, -4*d = -4. What is the remainder when 3 is divided by p(x)?
0
Let u = 3 + -4. Let p(a) = -48 + 48 + a**2. What is the remainder when 3 is divided by p(u)?
0
Calculate the remainder when 3984/5 - (-10 - 490/(-50)) is divided by 133.
132
Let p = 113 + 44. Calculate the remainder when p is divided by 16.
13
Let l(i) = -i**2 - 4*i + 7. Let w be l(-5). Suppose 5*a - 24 = 3*a. Calculate the remainder when (0 - -1) + w + 20 is divided by a.
11
Let t(l) = l + 1. Let p be t(-6). Let x(b) = -b**3 - 2*b**2 + 8*b + 7. Suppose -8*w - 58*w = -726. Calculate the remainder when x(p) is divided by w.
9
Let g(m) = m**2 + 3*m. Let r = -760 + 789. What is the remainder when r is divided by g(-5)?
9
Let u(d) = -d**2 - 20*d + 31. What is the remainder when 548 is divided by u(-21)?
8
Suppose 154 = -5*d - 21. Suppose 34*m - 37*m + 6 = 0. Calculate the remainder when 16 is divided by (-215)/d - m/14.
4
Let j(m) = m + 16. What is the remainder when j(3) is divided by 